{"id":3033,"date":"2025-09-11T11:05:06","date_gmt":"2025-09-11T11:05:06","guid":{"rendered":"https:\/\/eliteservicesenegal.com\/?page_id=3033"},"modified":"2025-09-15T16:44:09","modified_gmt":"2025-09-15T16:44:09","slug":"poste-actuel-propose","status":"publish","type":"page","link":"https:\/\/eliteservicesenegal.com\/index.php\/poste-actuel-propose\/","title":{"rendered":"RECRUTEMENT"},"content":{"rendered":"\t\t<div data-elementor-type=\"wp-page\" data-elementor-id=\"3033\" class=\"elementor elementor-3033\">\n\t\t\t\t\t\t<section class=\"elementor-section elementor-top-section elementor-element elementor-element-2b6864a elementor-section-boxed elementor-section-height-default elementor-section-height-default\" data-id=\"2b6864a\" data-element_type=\"section\" data-e-type=\"section\">\n\t\t\t\t\t\t<div class=\"elementor-container elementor-column-gap-default\">\n\t\t\t\t\t<div class=\"elementor-column elementor-col-100 elementor-top-column elementor-element elementor-element-10874f1\" data-id=\"10874f1\" data-element_type=\"column\" data-e-type=\"column\">\n\t\t\t<div class=\"elementor-widget-wrap elementor-element-populated\">\n\t\t\t\t\t\t<div class=\"elementor-element elementor-element-e8b1dc9 elementor-widget elementor-widget-text-editor\" data-id=\"e8b1dc9\" data-element_type=\"widget\" data-e-type=\"widget\" data-widget_type=\"text-editor.default\">\n\t\t\t\t<div class=\"elementor-widget-container\">\n\t\t\t\t\t\t\t\t\t<p><span style=\"text-decoration: underline;\"><strong>La dur\u00e9e de chargement pour l&#8217;envoi de votre candidature peut varier en fonction de la taille de vos fichiers. Nous vous prions de patienter durant ce court moment.<\/strong><\/span><\/p>\t\t\t\t\t\t\t\t<\/div>\n\t\t\t\t<\/div>\n\t\t\t\t<div class=\"elementor-element elementor-element-e2c4602 elementor-widget elementor-widget-shortcode\" data-id=\"e2c4602\" data-element_type=\"widget\" data-e-type=\"widget\" data-widget_type=\"shortcode.default\">\n\t\t\t\t<div class=\"elementor-widget-container\">\n\t\t\t\t\t\t\t<div class=\"elementor-shortcode\"><div class=\"recrutement-container\"><div class=\"recrutement-card\"><div class=\"recrutement-title\">COMPTABLE<\/div><div class=\"recrutement-description\">Recherche comptable avec exp\u00e9rience<\/div><div class=\"recrutement-progress\"><div style=\"width:66.666666666667%\"><\/div><\/div><div class=\"recrutement-quota\">2\/3 candidatures re\u00e7ues<\/div><button class=\"recrutement-btn recrutement-open\" data-job=\"3097\">\ud83d\udcdd Postuler maintenant<\/button><\/div><div class=\"recrutement-form-overlay\" data-job=\"3097\"><div class=\"recrutement-form\"><button type=\"button\" class=\"recrutement-close\">\u2716<\/button><h3>Postuler \u00e0 COMPTABLE<\/h3><form data-job=\"3097\" enctype=\"multipart\/form-data\"><input class=\"recrutement-input\" name=\"last_name\" placeholder=\"Nom *\" required><input class=\"recrutement-input\" name=\"first_name\" placeholder=\"Pr\u00e9nom *\" required><input class=\"recrutement-input\" name=\"phone\" placeholder=\"T\u00e9l\u00e9phone *\" required><input class=\"recrutement-input\" type=\"email\" name=\"email\" placeholder=\"Email *\" required><label for=\"cv_3097\">CV (PDF, DOC) :<\/label><input class=\"recrutement-file-input\" type=\"file\" id=\"cv_3097\" name=\"cv\" accept=\".pdf,.doc,.docx\" required><label for=\"id_3097\">Carte d'identit\u00e9 :<\/label><input class=\"recrutement-file-input\" type=\"file\" id=\"id_3097\" name=\"id_card\" accept=\".pdf,.jpg,.jpeg,.png\" required><button class=\"recrutement-btn\" type=\"submit\" style=\"width:100%;margin-top:16px\">\ud83d\udce4 Envoyer ma candidature<\/button><\/form><\/div><\/div><div class=\"recrutement-card\"><div class=\"recrutement-title\">COIFFEUR POUR HOMME<\/div><div class=\"recrutement-description\">Recherche un coiffeur pour homme sur Dakar avec un minimum d&#039;exp\u00e9rience de deux ans.<\/div><div class=\"recrutement-progress\"><div style=\"width:0%\"><\/div><\/div><div class=\"recrutement-quota\">0\/2 candidatures re\u00e7ues<\/div><button class=\"recrutement-btn recrutement-open\" data-job=\"3076\">\ud83d\udcdd Postuler maintenant<\/button><\/div><div class=\"recrutement-form-overlay\" data-job=\"3076\"><div class=\"recrutement-form\"><button type=\"button\" class=\"recrutement-close\">\u2716<\/button><h3>Postuler \u00e0 COIFFEUR POUR HOMME<\/h3><form data-job=\"3076\" enctype=\"multipart\/form-data\"><input class=\"recrutement-input\" name=\"last_name\" placeholder=\"Nom *\" required><input class=\"recrutement-input\" name=\"first_name\" placeholder=\"Pr\u00e9nom *\" required><input class=\"recrutement-input\" name=\"phone\" placeholder=\"T\u00e9l\u00e9phone *\" required><input class=\"recrutement-input\" type=\"email\" name=\"email\" placeholder=\"Email *\" required><label for=\"cv_3076\">CV (PDF, DOC) :<\/label><input class=\"recrutement-file-input\" type=\"file\" id=\"cv_3076\" name=\"cv\" accept=\".pdf,.doc,.docx\" required><label for=\"id_3076\">Carte d'identit\u00e9 :<\/label><input class=\"recrutement-file-input\" type=\"file\" id=\"id_3076\" name=\"id_card\" accept=\".pdf,.jpg,.jpeg,.png\" required><button class=\"recrutement-btn\" type=\"submit\" style=\"width:100%;margin-top:16px\">\ud83d\udce4 Envoyer ma candidature<\/button><\/form><\/div><\/div><div class=\"recrutement-card\"><div class=\"recrutement-title\">GARDIEN<\/div><div class=\"recrutement-description\">Recherche un gardien Zone : Nguerigne<\/div><div class=\"recrutement-progress\"><div style=\"width:50%\"><\/div><\/div><div class=\"recrutement-quota\">1\/2 candidatures re\u00e7ues<\/div><button class=\"recrutement-btn recrutement-open\" data-job=\"3075\">\ud83d\udcdd Postuler maintenant<\/button><\/div><div class=\"recrutement-form-overlay\" data-job=\"3075\"><div class=\"recrutement-form\"><button type=\"button\" class=\"recrutement-close\">\u2716<\/button><h3>Postuler \u00e0 GARDIEN<\/h3><form data-job=\"3075\" enctype=\"multipart\/form-data\"><input class=\"recrutement-input\" name=\"last_name\" placeholder=\"Nom *\" required><input class=\"recrutement-input\" name=\"first_name\" placeholder=\"Pr\u00e9nom *\" required><input class=\"recrutement-input\" name=\"phone\" placeholder=\"T\u00e9l\u00e9phone *\" required><input class=\"recrutement-input\" type=\"email\" name=\"email\" placeholder=\"Email *\" required><label for=\"cv_3075\">CV (PDF, DOC) :<\/label><input class=\"recrutement-file-input\" type=\"file\" id=\"cv_3075\" name=\"cv\" accept=\".pdf,.doc,.docx\" required><label for=\"id_3075\">Carte d'identit\u00e9 :<\/label><input class=\"recrutement-file-input\" type=\"file\" id=\"id_3075\" name=\"id_card\" accept=\".pdf,.jpg,.jpeg,.png\" required><button class=\"recrutement-btn\" type=\"submit\" style=\"width:100%;margin-top:16px\">\ud83d\udce4 Envoyer ma candidature<\/button><\/form><\/div><\/div><div class=\"recrutement-card\"><div class=\"recrutement-title\">HOMME \u00c0 TOUT FAIRE<\/div><div class=\"recrutement-description\">Recherchons, un homme \u00e0 tout faire ayant un permis de conduire - Avec exp\u00e9rience : \u00c0 noter Zone de l&#039;emploi : Ngaparou - Somone<\/div><div class=\"recrutement-progress\"><div style=\"width:50%\"><\/div><\/div><div class=\"recrutement-quota\">1\/2 candidatures re\u00e7ues<\/div><button class=\"recrutement-btn recrutement-open\" data-job=\"3051\">\ud83d\udcdd Postuler maintenant<\/button><\/div><div class=\"recrutement-form-overlay\" data-job=\"3051\"><div class=\"recrutement-form\"><button type=\"button\" class=\"recrutement-close\">\u2716<\/button><h3>Postuler \u00e0 HOMME \u00c0 TOUT FAIRE<\/h3><form data-job=\"3051\" enctype=\"multipart\/form-data\"><input class=\"recrutement-input\" name=\"last_name\" placeholder=\"Nom *\" required><input class=\"recrutement-input\" name=\"first_name\" placeholder=\"Pr\u00e9nom *\" required><input class=\"recrutement-input\" name=\"phone\" placeholder=\"T\u00e9l\u00e9phone *\" required><input class=\"recrutement-input\" type=\"email\" name=\"email\" placeholder=\"Email *\" required><label for=\"cv_3051\">CV (PDF, DOC) :<\/label><input class=\"recrutement-file-input\" type=\"file\" id=\"cv_3051\" name=\"cv\" accept=\".pdf,.doc,.docx\" required><label for=\"id_3051\">Carte d'identit\u00e9 :<\/label><input class=\"recrutement-file-input\" type=\"file\" id=\"id_3051\" name=\"id_card\" accept=\".pdf,.jpg,.jpeg,.png\" required><button class=\"recrutement-btn\" type=\"submit\" style=\"width:100%;margin-top:16px\">\ud83d\udce4 Envoyer ma candidature<\/button><\/form><\/div><\/div><\/div>\n<\/div>\n\t\t\t\t\t\t<\/div>\n\t\t\t\t<\/div>\n\t\t\t\t\t<\/div>\n\t\t<\/div>\n\t\t\t\t\t<\/div>\n\t\t<\/section>\n\t\t\t\t<section class=\"elementor-section elementor-top-section elementor-element elementor-element-b2ed46d elementor-section-boxed elementor-section-height-default elementor-section-height-default\" data-id=\"b2ed46d\" data-element_type=\"section\" data-e-type=\"section\">\n\t\t\t\t\t\t<div class=\"elementor-container elementor-column-gap-default\">\n\t\t\t\t\t<div class=\"elementor-column elementor-col-100 elementor-top-column elementor-element elementor-element-84ec00f\" data-id=\"84ec00f\" data-element_type=\"column\" data-e-type=\"column\">\n\t\t\t<div class=\"elementor-widget-wrap elementor-element-populated\">\n\t\t\t\t\t\t<div class=\"elementor-element elementor-element-373963a elementor-align-center animated-slow e-transform elementor-invisible elementor-widget elementor-widget-button\" data-id=\"373963a\" data-element_type=\"widget\" data-e-type=\"widget\" data-settings=\"{&quot;_animation&quot;:&quot;fadeIn&quot;,&quot;_transform_scale_effect_hover&quot;:{&quot;unit&quot;:&quot;px&quot;,&quot;size&quot;:1.2,&quot;sizes&quot;:[]},&quot;_transform_scale_effect_hover_widescreen&quot;:{&quot;unit&quot;:&quot;px&quot;,&quot;size&quot;:&quot;&quot;,&quot;sizes&quot;:[]},&quot;_transform_scale_effect_hover_laptop&quot;:{&quot;unit&quot;:&quot;px&quot;,&quot;size&quot;:&quot;&quot;,&quot;sizes&quot;:[]},&quot;_transform_scale_effect_hover_tablet_extra&quot;:{&quot;unit&quot;:&quot;px&quot;,&quot;size&quot;:&quot;&quot;,&quot;sizes&quot;:[]},&quot;_transform_scale_effect_hover_tablet&quot;:{&quot;unit&quot;:&quot;px&quot;,&quot;size&quot;:&quot;&quot;,&quot;sizes&quot;:[]},&quot;_transform_scale_effect_hover_mobile_extra&quot;:{&quot;unit&quot;:&quot;px&quot;,&quot;size&quot;:&quot;&quot;,&quot;sizes&quot;:[]},&quot;_transform_scale_effect_hover_mobile&quot;:{&quot;unit&quot;:&quot;px&quot;,&quot;size&quot;:&quot;&quot;,&quot;sizes&quot;:[]}}\" data-widget_type=\"button.default\">\n\t\t\t\t<div class=\"elementor-widget-container\">\n\t\t\t\t\t\t\t\t\t<div class=\"elementor-button-wrapper\">\n\t\t\t\t\t<a class=\"elementor-button elementor-button-link elementor-size-sm\" href=\"https:\/\/eliteservicesenegal.com\/index.php\/inscription-cv\/\">\n\t\t\t\t\t\t<span class=\"elementor-button-content-wrapper\">\n\t\t\t\t\t\t\t\t\t<span class=\"elementor-button-text\">POSTULER POUR UN AUTRE POSTE<\/span>\n\t\t\t\t\t<\/span>\n\t\t\t\t\t<\/a>\n\t\t\t\t<\/div>\n\t\t\t\t\t\t\t\t<\/div>\n\t\t\t\t<\/div>\n\t\t\t\t\t<\/div>\n\t\t<\/div>\n\t\t\t\t\t<\/div>\n\t\t<\/section>\n\t\t\t\t<\/div>\n\t\t","protected":false},"excerpt":{"rendered":"<p>La dur\u00e9e de chargement pour l&#8217;envoi de votre candidature peut varier en fonction de la taille de vos fichiers. Nous vous prions de patienter durant ce court moment. POSTULER POUR UN AUTRE POSTE<\/p>\n","protected":false},"author":1,"featured_media":0,"parent":0,"menu_order":0,"comment_status":"closed","ping_status":"closed","template":"","meta":{"_glsr_average":0,"_glsr_ranking":0,"_glsr_reviews":0,"footnotes":""},"class_list":["post-3033","page","type-page","status-publish","hentry"],"featured_image_urls":{},"_links":{"self":[{"href":"https:\/\/eliteservicesenegal.com\/index.php\/wp-json\/wp\/v2\/pages\/3033","targetHints":{"allow":["GET"]}}],"collection":[{"href":"https:\/\/eliteservicesenegal.com\/index.php\/wp-json\/wp\/v2\/pages"}],"about":[{"href":"https:\/\/eliteservicesenegal.com\/index.php\/wp-json\/wp\/v2\/types\/page"}],"author":[{"embeddable":true,"href":"https:\/\/eliteservicesenegal.com\/index.php\/wp-json\/wp\/v2\/users\/1"}],"replies":[{"embeddable":true,"href":"https:\/\/eliteservicesenegal.com\/index.php\/wp-json\/wp\/v2\/comments?post=3033"}],"version-history":[{"count":15,"href":"https:\/\/eliteservicesenegal.com\/index.php\/wp-json\/wp\/v2\/pages\/3033\/revisions"}],"predecessor-version":[{"id":3074,"href":"https:\/\/eliteservicesenegal.com\/index.php\/wp-json\/wp\/v2\/pages\/3033\/revisions\/3074"}],"wp:attachment":[{"href":"https:\/\/eliteservicesenegal.com\/index.php\/wp-json\/wp\/v2\/media?parent=3033"}],"curies":[{"name":"wp","href":"https:\/\/api.w.org\/{rel}","templated":true}]}}